prime factors of 16202.
2, 8101
What are the prime factors of 2002?
2, 7, 11, 13
List the prime factors of 965.
5, 193
What are the prime factors of 37589?
37589
What are the prime factors of 160699?
7, 11, 2087
What are the prime factors of 19440?
2, 3, 5
What are the prime factors of 8330?
2, 5, 7, 17
List the prime factors of 855.
3, 5, 19
List the prime factors of 463.
463
What are the prime factors of 17436?
2, 3, 1453
List the prime factors of 51893.
51893
List the prime factors of 542.
2, 271
What are the prime factors of 85948?
2, 21487
What are the prime factors of 3988?
2, 997
What are the prime factors of 6953?
17, 409
What are the prime factors of 8022?
2, 3, 7, 191
What are the prime factors of 33563?
33563
What are the prime factors of 17290?
2, 5, 7, 13, 19
List the prime factors of 6208.
2, 97
List the prime factors of 8192.
2
List the prime factors of 14138.
2, 7069
What are the prime factors of 4648?
2, 7, 83
What are the prime factors of 5998?
2, 2999
What are the prime factors of 1791?
3, 199
List the prime factors of 3890.
2, 5, 389
List the prime factors of 288.
2, 3
List the prime factors of 12588.
2, 3, 1049
What are the prime factors of 5282?
2, 19, 139
List the prime factors of 23499.
3, 7, 373
What are the prime factors of 4888?
2, 13, 47
List the prime factors of 3993.
3, 11
What are the prime factors of 12545?
5, 13, 193
List the prime factors of 597.
3, 199
What are the prime factors of 14317?
103, 139
List the prime factors of 14702.
2, 7351
What are the prime factors of 21812?
2, 7, 19, 41
What are the prime factors of 49483?
7, 7069
List the prime factors of 12512.
2, 17, 23
What are the prime factors of 3950?
2, 5, 79
What are the prime factors of 1435?
5, 7, 41
List the prime factors of 4000.
2, 5
List the prime factors of 5851.
5851
List the prime factors of 82813.
82813
List the prime factors of 13654.
2, 6827
List the prime factors of 686.
2, 7
List the prime factors of 18187.
13, 1399
List the prime factors of 4415.
5, 883
List the prime factors of 119297.
119297
What are the prime factors of 117?
3, 13
What are the prime factors of 2645?
5, 23
What are the prime factors of 24629?
11, 2239
What are the prime factors of 12410?
2, 5, 17, 73
What are the prime factors of 76402?
2, 38201
List the prime factors of 2943.
3, 109
What are the prime factors of 55084?
2, 47, 293
List the prime factors of 3562.
2, 13, 137
What are the prime factors of 3292?
2, 823
List the prime factors of 26344.
2, 37, 89
List the prime factors of 78787.
78787
What are the prime factors of 121?
11
What are the prime factors of 1515?
3, 5, 101
List the prime factors of 1650.
2, 3, 5, 11
List the prime factors of 126309.
3, 71, 593
List the prime factors of 612.
2, 3, 17
What are the prime factors of 4784?
2, 13, 23
List the prime factors of 73374.
2, 3, 7, 1747
What are the prime factors of 5386?
2, 2693
List the prime factors of 3092.
2, 773
What are the prime factors of 224?
2, 7
What are the prime factors of 80642?
2, 61, 661
What are the prime factors of 1863?
3, 23
What are the prime factors of 4868?
2, 1217
What are the prime factors of 14905?
5, 11, 271
List the prime factors of 3022.
2, 1511
List the prime factors of 1762.
2, 881
List the prime factors of 618.
2, 3, 103
List the prime factors of 43420.
2, 5, 13, 167
What are the prime factors of 9101?
19, 479
What are the prime factors of 6540?
2, 3, 5, 109
What are the prime factors of 30721?
31, 991
List the prime factors of 5099.
5099
List the prime factors of 4815.
3, 5, 107
What are the prime factors of 5070?
2, 3, 5, 13
What are the prime factors of 1308?
2, 3, 109
List the prime factors of 174372.
2, 3, 11, 1321
What are the prime factors of 16567?
16567
What are the prime factors of 322?
2, 7, 23
What are the prime factors of 754?
2, 13, 29
What are the prime factors of 19090?
2, 5, 23, 83
What are the prime factors of 754?
2, 13, 29
List the prime factors of 901.
17, 53
List the prime factors of 14243.
14243
List the prime factors of 4265.
5, 853
What are the prime factors of 4473?
3, 7, 71
List the prime factors of 11720.
2, 5, 293
List the prime factors of 505.
5, 101
What are the prime factors of 1397?
11, 127
What are the prime factors of 1001?
7, 11, 13
List the prime factors of 10935.
3, 5
What are the prime factors of 10231?
13, 787
What are the prime factors of 20821?
47, 443
What are the prime factors of 8241?
3, 41, 67
List the prime factors of 200.
2, 5
List the prime factors of 1644.
2, 3, 137
List the prime factors of 860.
2, 5, 43
What are the prime factors of 18198?
2, 3, 337
What are the prime factors of 63959?
7, 9137
List the prime factors of 17431.
17431
What are the prime factors of 19739?
19739
List the prime factors of 16998.
2, 3, 2833
What are the prime factors of 6792?
2, 3, 283
List the prime factors of 10376.
2, 1297
What are the prime factors of 159778?
2, 79889
List the prime factors of 116.
2, 29
List the prime factors of 15933.
3, 47, 113
What are the prime factors of 760?
2, 5, 19
What are the prime factors of 71423?
11, 43, 151
List the prime factors of 1730.
2, 5, 173
List the prime factors of 241.
241
What are the prime factors of 9305?
5, 1861
What are the prime factors of 22252?
2, 5563
List the prime factors of 2422.
2, 7, 173
What are the prime factors of 52913?
7, 7559
What are the prime factors of 1791?
3, 199
List the prime factors of 15342.
2, 3, 2557
List the prime factors of 4556.
2, 17, 67
What are the prime factors of 593?
593
What are the prime factors of 18824?
2, 13, 181
What are the prime factors of 19228?
2, 11, 19, 23
What are the prime factors of 198?
2, 3, 11
List the prime factors of 507.
3, 13
List the prime factors of 22581.
3, 13, 193
List the prime factors of 6133.
6133
List the prime factors of 58676.
2, 14669
What are the prime factors of 1299?
3, 433
List the prime factors of 98928.
2, 3, 229
What are the prime factors of 1674?
2, 3, 31
List the prime factors of 215.
5, 43
What are the prime factors of 820?
2, 5, 41
List the prime factors of 271.
271
List the prime factors of 17567.
11, 1597
What are the prime factors of 24156?
2, 3, 11, 61
List the prime factors of 9439.
9439
List the prime factors of 3874.
2, 13, 149
List the prime factors of 121224.
2, 3, 5051
List the prime factors of 385.
5, 7, 11
List the prime factors of 469.
7, 67
What are the prime factors of 834?
2, 3, 139
List the prime factors of 17498.
2, 13, 673
What are the prime factors of 1413?
3, 157
What are the prime factors of 21037?
109, 193
List the prime factors of 23372.
2, 5843
What are the prime factors of 170761?
170761
What are the prime factors of 10259?
10259
What are the prime factors of 1502?
2, 751
List the prime factors of 36371.
37, 983
What are the prime factors of 1955?
5, 17, 23
List the prime factors of 2457.
3, 7, 13
What are the prime factors of 3429?
3, 127
What are the prime factors of 19625?
5, 157
List the prime factors of 667.
23, 29
List the prime factors of 997.
997
List the prime factors of 2913.
3, 971
What are the prime factors of 361?
19
List the prime factors of 212.
2, 53
List the prime factors of 347.
347
List the prime factors of 13529.
83, 163
List the prime factors of 12662.
2, 13, 487
List the prime factors of 2677.
2677
What are the prime factors of 6441?
3, 19, 113
What are the prime factors of 47313?
3, 7, 751
What are the prime factors of 4871?
4871
What are the prime factors of 68212?
2, 17053
List the prime factors of 1357.
23, 59
What are the prime factors of 6959?
6959
What are the prime factors of 769?
769
What are the prime factors of 11?
11
List the prime factors of 83106.
2, 3, 19
List the prime factors of 12092.
2, 3023
What are the prime factors of 35710?
2, 5, 3571
What are the prime factors of 16619?
16619
List the prime factors of 115990.
2, 5, 7, 1657
List the prime factors of 1657.
1657
What are the prime factors of 20198?
2, 10099
List the prime factors of 1326.
2, 3, 13, 17
List the prime factors of 3778.
2, 1889
List the prime factors of 2412.
2, 3, 67
What are the prime factors of 26969?
149, 181
What are the prime factors of 76388?
2, 13, 113
What are the prime factors of 2085?
3, 5, 139
What are the prime factors of 37137?
3, 12379
List the prime factors of 10057.
8